2
Let d(u) be the first derivative of -1/4*u**4 - 2/3*u**3 - 15 + 2*u**2 + 3*u. Calculate d(-3).
0
Let i(n) = -n**3 + 0*n**3 + 0*n**2 + 6640 + 8*n**2 - 13*n - 6633. Determine i(6).
1
Let b(a) = -a**3 - a**2 + 3*a - 7. Suppose -51*x - 124 = -20*x. Determine b(x).
29
Let i(v) = -v**3 + 30*v**2 + 28*v + 93. Let t be 332/249 + (-89)/(-3). Determine i(t).
0
Let v(c) = c - 5. Let j(q) = -q**3 + 7*q**2 - 2*q + 6. Let y be j(6). Suppose -845*l + 683*l + 8748 = 0. Suppose y = -49*f + l*f. Determine v(f).
1
Let i(y) be the first derivative of y**4/4 - y**3/3 - y**2/2 - 2*y + 2. Let s = -4325 - -4327. Calculate i(s).
0
Suppose -10 = -y + r, -5*r = 4*y - 169 + 120. Let n(p) = -p**2 + 12*p - 14. Calculate n(y).
-3
Let k(g) = -9*g**3 - g**2 + 5*g - 5. Let o(j) = j**3 - 6*j**2 - 17*j + 9. Let t be o(8). Determine k(t).
-10
Let d(y) = 25174 - 2*y**2 - 12588 - 12585 + 10*y**2 - 12*y. Determine d(1).
-3
Let u = 26 + -21. Let y be 10/2 - ((4 - u) + 2). Suppose 8 = y*b + 4*c, 0 = c - 4 + 2. Let k(x) = x**3 + x**2 - x + 2. Determine k(b).
2
Let i(t) = 142*t**2 - 386*t + 32. Let x(j) = 124*j**2 - 386*j + 33. Let m(h) = 6*i(h) - 7*x(h). Give m(24).
9
Suppose 5*o = -12*j + 7*j + 55, -j - j + 20 = 0. Let y(i) be the first derivative of -27*i**2/2 - i - 1. Calculate y(o).
-28
Let u(q) = -4*q**2 + 42*q - 56. Let o be u(9). Let v be (o - 1)*28/21. Let n(p) be the second derivative of p**3/6 + 5*p**2/2 + p. What is n(v)?
1
Let j(y) be the second derivative of y**6/180 + y**5/60 + y**4/12 - 187*y**3/6 + 95*y. Let u(c) be the second derivative of j(c). What is u(-2)?
6
Let z(g) be the first derivative of 11*g**4/2 + g**3/3 + g**2 + g + 101. Calculate z(-1).
-22
Let h(t) = 5*t - 22. Suppose -5559*r + 5563*r - v - 20 = 0, 0 = -2*v. What is h(r)?
3
Suppose 0 = n + 3, -4*s - n = s + 28. Let x(w) = -3*w**2 - 139 + 4*w**2 + 131 + 4*w**2 - 3*w - 4*w**2 + 5*w. What is x(s)?
7
Let s(d) be the second derivative of d**3/3 - 6*d**2 - d + 19. Give s(11).
10
Let b(r) = -212*r**2 - 139*r - 1661. Let n(j) = 77*j**2 + 46*j + 554. Let m(z) = -4*b(z) - 11*n(z). Give m(-16).
6
Let u(c) = -3*c**2 + 2*c. Let t(r) = 5*r - 24. Let g be t(4). Let l(y) = -y**2 - 10*y - 21. Let v be l(g). Suppose 0 = a + 1 - v. What is u(a)?
-8
Let d(n) = -4*n**2 - 10*n - 21. Let m(v) = 3*v**2 + 14*v + 21. Let x(k) = 2*d(k) + 3*m(k). What is x(-11)?
-100
Let a(c) = 4*c**2 + 26*c - 11. Suppose -471*y + 67 - 19 = -477*y. Give a(y).
37
Let t(j) = -j**2 + 7*j + 3. Let d(k) = -19*k - 1. Let o be d(2). Let i = o + 41. Suppose i*z - 14 = -n, -4*n + 8*z - 4*z = 4. Calculate t(n).
15
Let q(l) be the third derivative of -1/10*l**5 + 1/8*l**4 + 1/120*l**6 + 13 + 0*l - 1/6*l**3 + 5*l**2. Let a(t) = -5*t - 1. Let k be a(-1). Determine q(k).
-21
Let k(t) = 19*t - 51*t + 7*t - 1006 + 1147 + t**2. Give k(14).
-13
Suppose 4*d + 99 = 119. Suppose -d*z + 36 = z. Let c(b) = -2*b + 3. Give c(z).
-9
Let c(g) be the third derivative of g**6/120 + g**5/15 - 19*g**4/24 - 2*g**3/3 - 967*g**2 + 1. Calculate c(-7).
-18
Let x(r) = 5*r - 700 + 684 - 2*r - r. Suppose 0 = 12*u - 90 + 18. Give x(u).
-4
Suppose -2*k + 53 = 35. Let o(w) = 12*w - 2*w + 10 - k*w. What is o(-9)?
1
Let s(l) = l**2 - 320. Suppose -1144*k - 792 = -1100*k. Determine s(k).
4
Let f(m) be the first derivative of m**2/2 - 9*m - 1. Suppose -170 + 135 = -n + 3*g, -2*g = -3*n + 42. Calculate f(n).
-1
Let k(r) be the third derivative of -r**5/15 + 7*r**4/24 + 3*r**3/2 + 111*r**2. What is k(-2)?
-21
Suppose -4*m + 39 = -6*m - 5*d, 5*d = -5*m - 90. Let a = 13 + m. Let l be -34*a/(-14) - (-4)/(-14). Let n(i) = i + 9. What is n(l)?
-1
Let k(n) = -10*n**2 - 64*n - 187. Let z(q) = -7*q**2 - 65*q - 188. Let r(d) = 2*k(d) - 3*z(d). What is r(-3)?
-2
Let t = 242 + -244. Let q(u) be the second derivative of u**3/3 + 14*u. Calculate q(t).
-4
Let y(j) be the third derivative of j**4/12 + 8*j**3 + 2244*j**2. Give y(-30).
-12
Let m = 19 - 13. Suppose a - 3*a = -m. Let n(l) = -4*l**3 + 2*l**3 + l + 3*l**2 - 1 + l**a. Give n(4).
-13
Let f(k) = -2*k + 7. Let j(a) = -2*a + 6. Let r(o) = 6*f(o) - 7*j(o). Suppose 0 = 5*p - 16 - 34. Suppose -p*d + 11*d + 4 = 0. Determine r(d).
-8
Let d(o) = o**3 + 0*o**2 + o + 23*o**2 - 9*o - 3 + 13*o + 17*o. Calculate d(-22).
-3
Let f(w) = -6*w**2 + 30*w + 3. Let m = -16853 + 16857. Determine f(m).
27
Let h(t) = 2*t**2 + 9*t + 12. Let j be (-301 + 302)/((2/(-1))/10). Give h(j).
17
Let x(u) = 561*u - 1117. Let b be x(2). Let i(r) = -3*r - 10. Calculate i(b).
-25
Let w be (12/12)/(1/2). Let b(x) = 3*x + 3 + x**3 - w - 5*x**2 + 0*x**2 + 2. Let i = 42 + -38. Calculate b(i).
-1
Let b = 3170 - 3174. Let q(n) = -5*n - 17. What is q(b)?
3
Let l be 2/(-7) + (-10)/14. Let j = -342 - -339. Let m be -2*(j/l)/(-3). Let v(k) = -8*k + 3. What is v(m)?
-13
Let g(i) = -244*i + 2924. Let b be g(12). Let x(s) = 7*s + 21. Calculate x(b).
-7
Let u(h) be the second derivative of 35*h**3/6 - 277*h**2/2 - 145*h. Determine u(8).
3
Let x(s) be the third derivative of -s**6/120 - s**5/60 + 5*s**3/6 - 6*s**2 + 40*s + 1. Suppose 0 = 5*b - b. Determine x(b).
5
Suppose 4*y - 127 = 13. Let n be (-5)/15 - 13/(-3). Suppose n*u = -u - y. Let i(c) = -c + 8. What is i(u)?
15
Let g be (8 + (2 + 5)*-1)*(-225)/(-5). Let i(o) = o - 28. Determine i(g).
17
Let n(a) = 19*a**2 + 38*a - 60. Let j(q) = -7*q**2 - 13*q + 19. Let c(x) = 8*j(x) + 3*n(x). What is c(-10)?
-28
Let p(t) = 7 - t**3 + 12 - 4 - 8*t**2 + 10*t - 5. Suppose -2*y + 3*y + 2 = 0, 4*y = -4*r + 856. Suppose 2*m + r - 198 = 0. Give p(m).
1
Let g(p) be the second derivative of p**4/12 + 4*p**3/3 - 3*p**2/2 + p - 1. What is g(-12)?
45
Suppose 4*q = -l - 4, 5*q + 2*l + 15 - 10 = 0. Let o(x) = x**3 + 9*x**2 + 3*x - 12. Let z(c) = -c**3 - c**2 - c + 1. Let a(j) = q*o(j) - 2*z(j). Calculate a(7).
3
Let q(y) = 11*y**2 + 27*y + 18. Let w(a) = 5*a**2 + 13*a + 9. Let z(p) = -4*q(p) + 9*w(p). Suppose 170*h - 1265 = 165*h. Let r = h - 259. Calculate z(r).
-9
Let v(u) = 5*u**3 + 6*u**2 + 14*u - 11. Let s(y) = -23*y - 11*y**2 - 20*y**3 + 7*y + 13*y**3 + 11 + 4*y**2. Let t(r) = -3*s(r) - 4*v(r). Calculate t(4).
-5
Let p(j) = -50*j**2 + 56*j**2 - j**3 - 1 - 4 + 0 + 2*j. Let g be (-19)/(-4) - ((-150)/24 + 6). Suppose -4*x - g*x = -54. Give p(x).
7
Suppose -15*v - 384 = -11*v. Let u = v - -95. Let r(l) be the third derivative of -l**5/60 + l**4/12 + l**3/6 - 20*l**2. Give r(u).
-2
Let w be (891/1188)/((-2)/(-24)). Let f(d) = 11*d - 65. Give f(w).
34
Let l(k) = -k**3 + 4*k**2 + 29*k - 3. Suppose 3*w + 15*n + 8 = 19*n, 0 = 2*n + 2. Calculate l(w).
9
Let o(a) = 5*a + 69. Let k(g) = -10*g - 176. Let s(q) = -2*k(q) - 5*o(q). Calculate s(-3).
22
Let t(c) be the first derivative of -12*c**2 - 17*c + 2321. What is t(-3)?
55
Let p(y) be the second derivative of -7/2*y**2 + 0 - 207*y - 1/2*y**3. Determine p(-6).
11
Let r be (0/(-8 - -7))/2. Suppose r = -4*j - 2*m + m + 45, -2*j - 4*m + 40 = 0. Let l(b) = b - 19. Give l(j).
-9
Let x = -107 - -116. Suppose 0*b - 54 = -x*b. Let r(s) be the second derivative of s**3/6 - 3*s**2/2 - 17*s. What is r(b)?
3
Let b(h) = -h**2 + h - 18. Let s(d) be the first derivative of d**4/4 + 8*d**3/3 + 9*d**2/2 + 14*d - 72. Let x be s(-7). Give b(x).
-18
Let i(z) = 2*z**2 + 5*z - 6. Let v be i(3). Suppose 2*g = 45 - v. Suppose -g*n = -7*n - 22. Let b(j) = -j + 7. Determine b(n).
-4
Let t be 20/(-3)*8064/(-105). Suppose -2*y + 345 = -5*v, -3*y + v + t = -v. Let z(i) = -i - 7*i + 170 - y. Determine z(1).
-8
Let u(z) = -z**2 - 13*z - 15. Suppose -4*w = -4*o + 8*o + 60, o = -5*w - 27. Calculate u(o).
-3
Let j(r) = -r - 1. Let h be (8/48*9)/((-2)/(-72)). Suppose -9*f + 0 = -h. Give j(f).
-7
Suppose -44*v = -33*v + 33. Let m(r) = -2*r**3 - 9*r**2 - 15*r - 16. Let k(z) = -z**3 - 10*z**2 - 14*z - 16. Let h(f) = v*k(f) + 2*m(f). Give h(13).
3
Let o(h) = -21*h + 1. Let j(i) = -60*i + 4. Let z(n) = 4*j(n) - 11*o(n). Let x(y) = 2*y - 1. Let d(g) = 5*x(g) + z(g). What is d(-5)?
-5
Let f(m) be the third derivative of m**5/60 + 5*m**4/6 - 9*m**3/2 - 511*m**2. Give f(-21).
-6
Let p(t) = 2*t**3 + 13274 - 13269 - 2*t - t**3. What is p(0)?
5
Let j = -38 - -38. Suppose 3 + j = 3*c. Let o(b) = 1 + 0 + 2*b + c - b. Determine o(-1).
1
Let y(z) = 3*z - 1. Let d(p) = 3*p - 1. Suppose 0 = 3*s - 2*s - 2*t + 1, -3*s - 3*t = -15. Let h(v) = s*d(v) - 2*y(v). Give h(-2).
-7
Le